Let f(j) = -4*j - 1. Let d(k) = 9*k + 3. Let a(c) = y*d(c) + 5*f(c). Calculate a(4).
-7
Let a(u) be the first derivative of -u**2 - u + 2. What is a(2)?
-5
Let u(q) = q. Suppose 7*l - 3*l = -b - 6, -12 = 2*l + 5*b. Let t be 1*(-2 + l - 0). What is u(t)?
-3
Suppose 5 = 4*q - 3*q. Let d(p) = -4*p + 5 + q*p - 3 + p. What is d(3)?
8
Let x(h) = -h**2 - 10*h - 9. Let w be x(-9). Let g(i) = w*i + i - 4 + 0*i + 8. Suppose 0*a + 7 = -2*a - 3*p, 0 = 2*a + p + 9. Determine g(a).
-1
Let x(u) = 14*u**3 - 32*u**2 + 2*u + 23. Let v(o) = 5*o**3 - 11*o**2 + o + 8. Let w(c) = 17*v(c) - 6*x(c). Give w(-4).
-6
Let d = -81 + 78. Let l(v) = 3*v**2 + 4*v + 8. Let n(c) = -c**2 - c - 3. Let h(q) = -3*l(q) - 8*n(q). What is h(d)?
3
Suppose -15 = 5*r - z, 0 = -3*r - 2*z - 0*z + 4. Let s(p) = p**3 + p + 2*p**2 + 1 + 2*p - 2*p. Calculate s(r).
-1
Suppose 25 = -5*u, 4*u + 15 = -3*m + 2*m. Let p(l) = -l + 12. Let d(o) = -o + 13. Let y(f) = m*d(f) - 6*p(f). Determine y(0).
-7
Let i(q) = -q**2 + 7*q - 6. Suppose 15 = 4*z - z. Let k be ((-104)/(-6))/4*3. Suppose -z*b + 12 = -k. Determine i(b).
4
Suppose -4*r - 2*j - 3 + 1 = 0, 3*j + 21 = 3*r. Let v(d) = -5 - r*d + 6*d - 3*d. Calculate v(4).
-1
Let h(x) = -x - 20. Let j be h(-15). Let f(y) = -2*y - 4. Give f(j).
6
Let z(c) = -c**2 - 3*c + 7. Let a be -4*3*10/24. Calculate z(a).
-3
Suppose 0 = 4*r - 4*y - 40, 4*y - 2*y + 8 = 0. Let o(b) = 2 + b - r - 3*b. Calculate o(-6).
8
Let z(n) = 5*n - 3 - 14*n + 10*n. Let j(l) be the second derivative of l**5/20 + 5*l**4/12 + 5*l**2/2 + l. Let r be j(-5). Calculate z(r).
2
Let r = -10 + 15. Let g(t) = -t**3 + 6*t**2 - 6*t + 6. Determine g(r).
1
Let m = 9 - 12. Let d(h) = -h**3 - h**2 + 4*h + 1. Determine d(m).
7
Let l(w) = -w**3 - 3*w**2 + w + 3. Suppose 0 = 16*b + 13 + 35. Calculate l(b).
0
Let d(k) = -3*k + 2*k**2 - 3*k**2 + 2*k + 1. Let l(r) = 1. Let b(t) = -d(t) + l(t). Let s(z) = -z**2 + 2*z + 2. Let p(u) = -2*b(u) - s(u). Calculate p(-3).
1
Let j be 3/(-24) + 10/75. Let u(m) be the third derivative of 0*m + 0 + 1/12*m**5 + 2*m**2 - 5/24*m**4 - j*m**6 - 1/2*m**3. Calculate u(4).
-7
Let r(n) = 3*n - 5. Let l = -10 + 27. Suppose -f - 14 = -2*d, 4*f + l = d + 3. Determine r(d).
13
Let d(p) = -p**2 + 0*p**3 - 10*p**3 + 5*p**3 + 6*p**3 - 14 - p. Determine d(0).
-14
Let v(d) = d**2 - 1 - 7*d + 0*d**2 + 5*d. Suppose -3*h + 21 = 24. Calculate v(h).
2
Let n(i) = -i - 5. Let b(p) = -3*p - 15. Let a be b(-5). Give n(a).
-5
Let h(q) = q**2 + 6 + q**2 + 2 + 2*q**2 - 9. Let z(j) = -j**3 - 5*j**2 - j - 4. Let n be z(-5). Calculate h(n).
3
Let i(c) = 0 + c**2 - 7 + 5 - 4*c. Give i(6).
10
Let i(p) = -5*p**2 - 14*p + 13. Let b(u) = -4*u**2 - 13*u + 12. Let l(n) = 6*b(n) - 5*i(n). Determine l(5).
-8
Let z be (-2)/8 - (-5)/4. Suppose 5*y = -5*d - 5, 2*d + 5*y + 6 = -2. Let a be 8/(-4) - (d - z). Let l(g) = g + 2. What is l(a)?
0
Let c(k) = 6*k**2 - 7*k + 3*k + 0*k**2 - 5*k**2 + 1. Determine c(5).
6
Let j(x) = x + 1. Let g = 3 + -8. Let y be j(g). Let z(w) = -1 + 19*w - 18*w + 6. Calculate z(y).
1
Let p be (10/(-2))/(2/2). Let a(v) = v**3 - 8*v**2 + 8*v + 2. Let x be a(7). Let y(n) = -n**3 - 3 + 7*n - 4*n**2 + x - 2*n. Calculate y(p).
6
Let d(g) = -g**2 - 3*g - 3. Let c = 2 + 0. Suppose 3*q + c*q - 5 = 0. Let w be q + (1 - 3) + -2. Calculate d(w).
-3
Let c(u) = -u**3 + u**2 - u - 3. Let q be c(-2). Let j(l) = -l + 12. What is j(q)?
1
Let a = 4 + -8. Let m(k) be the first derivative of -k**3/3 - 2*k**2 + 4*k - 1. Determine m(a).
4
Let l(f) = -2*f**3 - 7*f**2 + 4*f**2 + 7*f + 3*f**3 - 4*f**2 - 2. Calculate l(6).
4
Let f(n) = 7*n**3 - 6*n**2 + 5*n + 1. Let h(c) = c**3 + c. Let w(z) = f(z) - 6*h(z). Calculate w(6).
-5
Let t(g) = -5*g**3 - 6*g + 16. Let f(r) = r**3 + r. Let y(l) = 6*f(l) + t(l). Calculate y(0).
16
Let x(j) be the second derivative of 0 - 3*j - 1/6*j**3 - 1/2*j**2 + 11/20*j**5 + 1/12*j**4. Suppose 5*y - 7 = -12. Calculate x(y).
-10
Let g(d) = d - 1. Let a be (-2)/(-5)*120/6. Suppose -z + a = z. Calculate g(z).
3
Suppose -4*v - 2 = -10. Let q be -5*3*v/(-10). Let k(f) = 1 + 0 - 2*f - q. Give k(-4).
6
Let p(o) = o**2 + 8*o + 14. Let g be p(-4). Let v(j) = -j**3 + 4*j + 3. Give v(g).
3
Let l(a) = a**3 + a**2 + 2*a + 3. Suppose -5*z = 3 - 13. Suppose q = z*q + 2. What is l(q)?
-5
Let k(v) = v**2 + 6*v + 8. Let p be k(-4). Let t(u) be the third derivative of -u**2 + p - 1/6*u**3 + 0*u + 1/24*u**4. Determine t(-3).
-4
Let r be (-9 + 8)/(1/12). Let b = -10 - r. Let v(o) = o**2 - 2*o. What is v(b)?
0
Let d(l) = l + 9. Suppose 3*r - 36 = -3*y, 3*r - 4 - 8 = -y. Suppose 3*f + 6 = -y. Determine d(f).
3
Let z(x) = -x**3 + 7*x**2 - 7*x + 8. Let a be z(6). Let n be -1*a - (4 + -13). Let s = n - 4. Let j(k) = -k**3 + 4*k**2 - 3*k + 2. Calculate j(s).
2
Suppose -2*m + 9 + 1 = 0. Suppose -m*b + 18 = -17. Suppose -b + 1 = g. Let j(a) = a + 8. Determine j(g).
2
Let f(w) = -w**3 + 7*w**2 + 6*w + 8. Let i be (8/12*-24)/(-2). Calculate f(i).
-8
Let g(z) = -z**3 - 3*z**2 + z. Let s(n) = n**3 - 5*n**2 - 5*n + 1. Let t be s(6). Suppose t*a - 2*a = -60. Let h be a/42 + (-19)/7. What is g(h)?
-3
Let m(w) = 4*w - 1. Let l = 20 - 23. Give m(l).
-13
Let o(s) = 1. Let z(y) = -y + 2. Let a(w) = 2*w - 4. Let i(v) = 6*a(v) + 11*z(v). Let j(f) = -f. Let d be j(1). Let m(h) = d*i(h) + 2*o(h). Give m(4).
0
Let l = -4 + 4. Let a(n) = n + 2. Let f be a(l). Let c(m) = m**2 + m - 2. What is c(f)?
4
Let a(r) be the first derivative of r**4/4 + r**3/3 - r**2/2 + 2*r - 1. Let g(f) = 6*f - 69. Let v be g(11). Determine a(v).
-13
Suppose -3*i = 2 + 7. Let x(l) = -l - 4. Give x(i).
-1
Let v(y) = y**2 + 6*y - 1. Let w = 8 + -10. Let r be (3/w)/(21/(-140)). Suppose 6 = -a - k, a = -2*k - 3*k - r. Determine v(a).
-6
Let q(t) = 4 - 4 + 3*t**2 + 2*t + 3. Calculate q(-2).
11
Suppose 0 = -2*f + 3*n - 19, -2*f + 5*n - 4*n = 17. Let g = -4 - f. Let y(z) = 4 + 0*z + 2*z + z - 4*z. Determine y(g).
0
Suppose 2*f + 14 = 5*h - 0, 5*h - 32 = -4*f. Let j(y) be the first derivative of 2/3*y**f - y + 1/2*y**2 - 1. What is j(2)?
9
Let z(l) be the second derivative of 0 - 6*l + 1/6*l**3 + 6*l**2. Calculate z(-6).
6
Let z(u) be the second derivative of -7*u**3/6 + 3*u**2/2 - 3*u. Let s(y) = 2*y - 1 - 1 + 0*y + 4*y. Let l(n) = 4*s(n) + 3*z(n). Give l(2).
7
Let q(p) be the second derivative of p**4/12 + 5*p**3/6 + 5*p**2/2 - 3*p. What is q(-5)?
5
Let w(a) = 9*a - 1. Let z = 38 - 39. Calculate w(z).
-10
Suppose -58 = -5*f + 5*a - 13, -2*f + 5*a + 33 = 0. Let r(q) = -q**2 + 3*q + 2. Determine r(f).
-2
Let u(n) = n**3 + n**2 - 2*n - 1. Let z = 4 + -6. Determine u(z).
-1
Let p(s) = 4*s + 7*s - 5*s + 5 - 2*s. Calculate p(4).
21
Let t(p) = 11*p - 22. Let r be t(2). Let u(i) = -i - 4. Let v be u(-7). Let c(s) = -2*s**3 + 3*s**2 - 2*s**2 + s**v + 4 - s. Calculate c(r).
4
Let s(i) be the second derivative of 5*i + 0 - 1/2*i**2 + 1/12*i**4 - 1/6*i**3. Give s(0).
-1
Suppose -10*u = -9*u - 12. Let f be (2 - 0)*-1 + 9. Suppose -u = -4*s, 2*k + f*s = 3*s. Let p(i) = 2*i + 9. What is p(k)?
-3
Let o(p) be the second derivative of -p**7/280 - p**3/3 + p. Let k(i) be the second derivative of o(i). Let c = -2 + 3. Give k(c).
-3
Let p(r) = r**3 - 5*r**2 - 2. Let t be (9/(-3))/3 - 3. Let m be (-1*(t + -1))/1. Determine p(m).
-2
Let o(j) = -j**2 - 3*j - 4. Let r be (3/5)/(1/(-5)). Calculate o(r).
-4
Suppose 5*j + 15 = -o, -2*o + 2 + 16 = -2*j. Let n(u) = u**3 - 6*u**2 + 5*u - 5. Calculate n(o).
-5
Let j(t) = -t - 5. Let g be j(-4). Let n(i) = -15*i - 1. What is n(g)?
14
Let w be 1/2 + 22/(-4). Let r(a) = -2*a**2 - 15*a - 13. Let d(p) = 8*p - 1 + 10 + p**2 - 2. Let s(m) = w*d(m) - 3*r(m). Determine s(-4).
0
Let i = -38 - -53. Suppose 3*a - 6*a + 4*x = 15, 0 = -5*x + i. Let t(c) = -11 - 7*c + 51 - 19 - 22. Give t(a).
6
Let p(x) = -15*x**2 + 8*x + 21. Let y(m) = -7*m**2 + 4*m + 10. Let c(f) = 6*p(f) - 13*y(f). Let v(z) be the first derivative of c(z). What is v(3)?
2
Let y(h) = h + 1. Suppose j - 4 - 2 = 0. Calculate y(j).
7
Let n(b) = -2 + 3 + 0*b - 11 + b. Determine n(7).
-3
Let a(m) = -m**2 - 5*m - 6. Let k(y) = y + 1. Suppose 5*s = 3*l + 5, 2*l + 3 = 2*s - 3. Let x be k(l). What is a(x)?
-2
Let m(h) = 9*h**2 - h. Suppose -2 - 3 = -5*i. Give m(i).
8
Let x = -6 - -12. Let o(j) be the third derivative of 0 + 4/3*j**3 - 2*j**2 + 0*j + 1/60*j**5 - 7/24*j**4. Calculate o(x).
2
Let z(q